What is the highest common divisor of d and 99?
11
Let p(q) = 0*q - 3*q + 2*q + 4. Let c be p(-4). What is the greatest common factor of c and 24?
8
Let q(l) = l**2 - 4*l + 4. Let f be q(4). Suppose -c + 4 = -f. What is the greatest common divisor of c and 4?
4
Let x be 75/9 + (-4)/(-6). Let b(r) = 72 - 3*r**2 + 3*r**2 + r**2 + 12*r**3 - r - 13*r**3. Let n be b(0). What is the greatest common factor of n and x?
9
Let n = 33 - 20. Calculate the greatest common factor of n and 39.
13
Let g be ((-3)/1)/(-1) + -10. Let f be (-1)/2*2*g. Let j = 32 + -11. What is the greatest common factor of j and f?
7
Let q(t) be the first derivative of 2*t**3 + t**2/2 - t - 1. Let l be q(-2). Let g = 3 + 102. Calculate the highest common factor of g and l.
21
Suppose 2*t - 66 = -t. Let d(x) = 0 + 4*x + 2 - 3*x + t*x**2 - x**2. Let s be d(-2). What is the highest common factor of s and 12?
12
Let a(c) = 2*c**3 - c**2 - 2*c - 5. Let d be a(4). Calculate the highest common factor of d and 66.
33
Suppose 5*d + 0*d - 5*q = 195, 2*q - 202 = -5*d. Calculate the highest common factor of d and 4.
4
Let j be 1/(3/(-15))*1. Let a(y) = -3*y - 5. Let r be a(j). Let c = -11 + 31. Calculate the greatest common factor of c and r.
10
Let p = 5 - 9. Let g(o) = -4*o + 10. Let t(k) = -5*k + 11. Let i(a) = p*g(a) + 3*t(a). Let h be i(12). Calculate the highest common factor of h and 5.
5
Let c(p) = p**3 - 5*p**2 - 7*p + 8. Let y be c(6). Suppose 5*x + 3*h - 35 = 0, -3*h - 7 = y*x - 3*x. What is the greatest common factor of x and 35?
7
Let d(q) = q**2 + 3*q + 1. Let l be d(-4). Let i = -7 + l. Let n = i + 12. Calculate the greatest common factor of 70 and n.
10
Suppose 5*u + 3*q + 15 = 0, 4*u + q + 18 = 6. Let l = 13 + u. What is the greatest common factor of 10 and l?
10
Let f = -33 - -37. What is the highest common factor of 1 and f?
1
Let c be 18/63 - (-332)/14. What is the greatest common factor of 36 and c?
12
Let v = 12 + -8. Let h be v/16 + 1318/8. What is the highest common divisor of h and 15?
15
Let m(k) = k**2 + 5*k + 1. Let o be m(-5). Suppose 3*y - 6 = -3*i, 6 = -3*i - 3. Suppose 2 = y*v - 3. Calculate the highest common divisor of o and v.
1
Let s(j) = -j**3 + 11*j**2 - 5*j + 10. Let q be s(10). What is the greatest common factor of q and 24?
12
Let m be 2/(-5)*70/(-2). Calculate the greatest common divisor of m and 42.
14
Let u(a) = 15*a**2 - 2*a + 2. Let r be u(-2). What is the highest common divisor of r and 44?
22
Let h(l) = 7*l**2 - l - 1. Let d be h(-1). Suppose 2*y = 6*y - 16. Suppose 5*z - y*z = o + 19, 3*z - 2*o = 59. Calculate the greatest common factor of z and d.
7
Let k = -72 - -78. Let q be 3/(3/5) + 1. What is the highest common factor of k and q?
6
Let s = -7 + 22. What is the highest common factor of s and 105?
15
Let c be (-2)/6 - 7782/(-18). Calculate the greatest common factor of c and 54.
54
Suppose 7*q - 132 = q. What is the greatest common divisor of q and 154?
22
Let z(g) = -g**3 + 5*g**2 - 2*g - 5. Let y be z(4). Suppose 0*w + 4*w + 16 = y*s, -4*s = 4*w - 12. Calculate the highest common divisor of s and 12.
4
Suppose 29 = x + 5*f, 4*x = f + 4*f + 91. Calculate the greatest common divisor of x and 6.
6
Let c be (-1 + 2)/(1/3). Let h(i) = 3*i**3 + 2*i**2 - 4*i + 3. Let m be h(3). Suppose 3*w - m = 9. Calculate the greatest common divisor of c and w.
3
Suppose -35 = -6*l + l. Calculate the highest common factor of 21 and l.
7
Suppose -2*f + 18 = 2*i, -f = -4*i - 3*f + 42. Suppose -3*v = -3*z - i, -3*z + 19 + 25 = 4*v. What is the highest common divisor of 56 and v?
8
Suppose 3*m = 5 + 91. Let o be 7/(-14)*(0 - m). Let x be 2 + (23 - (-2)/(-2)). What is the greatest common factor of o and x?
8
Let h be 27/(-4) - 2/8. Let m = h + 8. Calculate the greatest common divisor of m and 6.
1
Let r be (10/(-45) + (-4)/9)*-63. Calculate the greatest common factor of 18 and r.
6
Let q = 29 - 22. Let b = -8 + 15. Calculate the highest common divisor of q and b.
7
Suppose -2*b + 1 = -5*b + 4*t, 3*b = -4*t + 7. Suppose 28 = 3*q + 5*p - b, q - 2*p + 5 = 0. What is the greatest common factor of q and 2?
1
Suppose -3*n + 60 = 2*n. Suppose 2*u = -3*u + 15. Suppose 0 = -a - u*a + 48. Calculate the highest common factor of a and n.
12
Let f(s) = -2*s - 13. Let r be f(-9). Let y be (-24)/r*40/(-12). What is the greatest common factor of 4 and y?
4
Suppose -4*t - 464 = -3*p, 3*p - 8 - 458 = 5*t. Suppose -3*h - p = -7*h. Suppose 3*a = -8 + h. What is the highest common divisor of a and 70?
10
Suppose -7*t - 18 = -10*t. Calculate the greatest common divisor of t and 3.
3
Let d(v) = 2*v**2 + 22*v. Let x be d(-12). What is the greatest common divisor of x and 60?
12
Suppose 0*s - 127 = -2*u + 3*s, 0 = 4*u + 4*s - 204. What is the highest common factor of u and 7?
7
Suppose 3*v + 50 - 131 = 0. Calculate the greatest common divisor of 297 and v.
27
Let p = -108 - -107. Let d(x) be the second derivative of -2*x**5/5 + x**3/6 + x**2/2 - x. Let h be d(p). What is the greatest common factor of 88 and h?
8
Suppose 0*v - 924 = -7*v. Let k be (-2)/(2/1) - -13. What is the highest common factor of k and v?
12
Let t be 21/(-9) + (-4)/6. Let o be (-9)/6*236/t. Suppose -3*l - o = -6*l + 4*b, -3*l = b - 113. What is the greatest common divisor of 95 and l?
19
Let j(c) = 16*c**2 + 7*c + 5. Let w be j(-1). What is the greatest common factor of w and 42?
14
Let u(i) = 3*i**2 - 2*i. Let t be u(-2). Calculate the highest common factor of 16 and t.
16
Suppose 0 = 9*z - 7*z - 76. Calculate the highest common divisor of z and 19.
19
Let x be (-16)/24 + (-544)/(-6). Calculate the highest common factor of x and 36.
18
Suppose -5*s - 105 = -2*u, 2*s = u + u - 90. Calculate the highest common factor of 5 and u.
5
Suppose -5*v = -v - 252. What is the highest common factor of v and 18?
9
Suppose 2*y + 695 = 2*k + 255, 0 = 4*y. What is the greatest common divisor of k and 20?
20
Let k(v) = 9*v**2 - 6*v - 4. Let y be k(-1). Let g = 39 + 5. Calculate the greatest common factor of y and g.
11
Let h be (17/(-2))/((-1)/2). Let o be 194 - (-4)/16*-28. What is the greatest common divisor of h and o?
17
Let u = 9 - 5. Let r = u - -1. Let j = 13 - r. Calculate the greatest common divisor of 32 and j.
8
Let o(s) = 11*s - 1. Let g be o(1). Let i be 1 - 2 - (-20 + -1). Suppose 0 = -a - a + i. What is the highest common divisor of g and a?
10
Suppose -16 = -3*z - z. Suppose -z*q - 19 = -99. Suppose 2*d - 4*d + q = 0. What is the highest common divisor of 80 and d?
10
Suppose 0 = -2*j - 6, 2*j + 1 = -2*b - j. Calculate the greatest common factor of b and 4.
4
Suppose -38 - 7 = -3*w. What is the greatest common divisor of 165 and w?
15
Let s = 4 + 1. Suppose -2*v + 7 = m - 11, s*m = 2*v + 102. Suppose -o - 4*d = -5*o + 8, 3*o + 2*d - 21 = 0. What is the greatest common divisor of o and m?
5
Let f = -2 - -4. Suppose f*g + 21 = -13. Let s = g - -31. What is the greatest common factor of s and 21?
7
Let h(r) = 2*r**2 - 3*r + 3. Let v be h(2). Let c(u) = 3*u - 13. Let p be c(v). Calculate the greatest common factor of 2 and p.
2
Suppose 10*b - 88 = -b. What is the highest common factor of b and 8?
8
Let h(q) be the third derivative of -5/4*q**4 + 0 + q**2 + 0*q + 0*q**3. Let y be h(-1). Calculate the greatest common divisor of 20 and y.
10
Let m = 161 - 90. Let a(v) = -3*v. Let j be a(-1). Suppose -i - j*d = -m, -5*i + 244 = -i + 4*d. What is the highest common factor of 8 and i?
8
Let k(m) = 4*m**2 - 8*m - 4. Let d be k(-7). Calculate the highest common factor of d and 31.
31
Suppose -3*z = c - 51, 5*z - 95 = -4*c + 88. Suppose -q + 4*k = -22, -4*q + 4*k + 61 - 21 = 0. What is the greatest common factor of q and c?
6
Let p = 7 + 29. Let k be 464/(-18) - (-4)/(-18). Let l = k - -38. What is the greatest common divisor of p and l?
12
Suppose -5*r - s + 69 + 107 = 0, 3*r - 96 = -3*s. Calculate the highest common factor of r and 24.
12
Suppose 190 + 1218 = 4*w. What is the greatest common factor of w and 44?
44
Suppose j + 18 = 2*j. Let m = -9 + j. Let y(v) = -80*v + 1. Let q be y(-1). What is the highest common divisor of q and m?
9
Let c be (-153)/(-18) - (-1)/(-2). What is the highest common divisor of 20 and c?
4
Let m = 3 - 3. Suppose 4*q - 28 - 28 = m. Suppose 0 = g - 3*l - 23, -2*l + 3 = -2*g + 37. What is the hi